/6 - (-12)/(-36). Suppose -r - 168 = 4*c - 6*r, -d = 3*c - 5*r. Let s = 72 + c. List the prime factors of s.
2, 3, 5
Let r be -1 + 2/3 + 14/6. Suppose r*i - 12 + 2 = 0. List the prime factors of i/((-15)/12) + 33.
29
What are the prime factors of 495/3960 + 0 + 37646/16?
13, 181
Suppose 0 = -9*n - 50 + 32. List the prime factors of 1/n*-4 + -53 + 119.
2, 17
Let z be 1/(-8) + ((-539)/8)/(-11). Suppose z*g - 79 = 2309. List the prime factors of g.
2, 199
Let a(b) = -5*b - 15. Let u be a(-3). Suppose 2*z + 5*k + 0*k - 238 = u, -4 = -k. Suppose 0 = 3*d - z - 71. What are the prime factors of d?
2, 3, 5
Let l be (5 + -9 - -7)*(-4)/(-3). Let w be 3*13866/45 - l/10. What are the prime factors of ((-2)/6)/(-5 + 4616/w)?
7, 11
Let n(k) = -k**3 - 36*k**2 - 71*k + 52. Let f be n(-34). Let v be (-2)/5 - 285/(-25). Let y = f + v. What are the prime factors of y?
3, 5, 11
Let k be (24/(-15))/((-1)/(-1585)). Let z be k/6*(-15)/10. Suppose 5*v - g - z = 586, -5*g + 25 = 0. What are the prime factors of v?
5, 7
Let x be 2 - (-110 - (-1 + 0)). Let w = -107 + x. Suppose a - 3*a = 2*o - 132, 0 = -5*o + w*a + 357. List the prime factors of o.
3, 23
Suppose -12*p - 3*p = 90. What are the prime factors of (-9)/42*-12*(-28)/p?
2, 3
Suppose -247754 = 373*r - 867257 - 601326. List the prime factors of r.
3, 1091
Suppose 0 = -2*u - 3*r + 7091, 7*u - 4*u = -5*r + 10635. Suppose -365 - u = -3*j. What are the prime factors of j?
3, 5, 29
Suppose 3*z = 6*z + 5*s + 34, s = -2. Let r(i) = -2*i + 3. Let q be r(15). Let h = z - q. List the prime factors of h.
19
Suppose -31*b + 10251 - 867 = -30*b. List the prime factors of b.
2, 3, 17, 23
Let a be 3 + 0 + (-5)/((-60)/24). Suppose -a*d + 1628 = -5*g - 1247, -d - 2*g + 572 = 0. List the prime factors of d.
2, 7, 41
Let k be (1*2 - (-44)/11) + -4. Let t(c) = c**3 - 11*c**2 - 5*c + 23. Let h be t(12). Suppose -k*i = -0 - 10, 0 = 2*r - 5*i - h. List the prime factors of r.
2, 3, 11
Let y(r) = r**2 - 1. Let s(d) = -81*d - 65. Let i(l) = s(l) - 2*y(l). What are the prime factors of i(-32)?
13, 37
Suppose 4*t - 16 = 5*l, 0 = 4*t - 8*t + 2*l + 16. Suppose -4 + t = p. Suppose p = z - 2*z + 95. List the prime factors of z.
5, 19
Suppose -2*y - 24899 = -b, 35*y + 49805 = 2*b + 30*y. What are the prime factors of b?
3, 5, 7, 79
Suppose -27*s + 22*s = -5. Suppose 2*h + 34 = h. What are the prime factors of s/((-1)/h) + (-5 - -4)?
3, 11
Let q(k) = k**3 - 2*k**2 - 6*k - 2. Let n be q(4). Suppose 6*w - 4344 = -n*w. List the prime factors of w.
2, 181
Suppose 0 = 13*c + 104*c - 3725046. What are the prime factors of c?
2, 15919
Let d(q) = 0*q**2 - 7*q**2 + 39 + 7*q + 131*q**3 - 132*q**3 - 17*q**2. What are the prime factors of d(-25)?
3, 163
Suppose 2*y - 119 = -113, 0 = -5*p - y + 66828. What are the prime factors of p?
3, 5, 11
Let j = 40851 + -35767. List the prime factors of j.
2, 31, 41
Suppose -5*t - 5*i + 2*i + 27 = 0, 2*t - 17 = 5*i. Suppose 3*j - 4 = 2*h, 0 = t*h - 5*h + 2. What are the prime factors of 245 + (-2 + j)/1?
3
List the prime factors of 89/((-1691)/(-684))*89*2.
2, 3, 89
Let a = -45 + 25. Let t = a + 29. List the prime factors of 4/6 + -2 + 390/t.
2, 3, 7
Let c(f) = f**3 - 22*f**2 + 47*f + 35. Let t be 20/50 - (-196)/10. List the prime factors of c(t).
5, 7
Let c = -24078 - -34426. What are the prime factors of c?
2, 13, 199
Let g(r) be the third derivative of r**5/15 - 17*r**4/6 + 2*r**3 + 30*r**2. What are the prime factors of g(20)?
2, 3, 7
Suppose y + 2*u - 7632 = 18781, -10*u - 79175 = -3*y. List the prime factors of y.
5, 5281
Let x be 2/(-24)*0 + 4/1. Suppose x*s = -337 + 2053. List the prime factors of s.
3, 11, 13
Let r be ((-6)/24)/((-2)/(-8))*1038. Let z = r + 1464. What are the prime factors of z?
2, 3, 71
Let p(s) = -55*s**2 + 9*s + 30. Let i be p(-3). Let c = 347 - i. What are the prime factors of c?
839
Suppose -4*o = 4, 0 = -3*u - 7*o + 3*o - 67. Let n(p) = p + 65. Let r be n(u). List the prime factors of (r + 6)*(-14)/(-4).
5, 7
Let g(y) = 255*y - 121. Let d be g(1). Suppose 426 = 4*z - w, -2*z - 2*w = -195 - 13. Suppose 5*b - d - z = 0. List the prime factors of b.
2, 3
Let b be 1 - ((-4)/(-4))/(3 - 4). Let d(x) = x**b - 17 + 3 + 22*x - 19*x. List the prime factors of d(-6).
2
List the prime factors of (-111952)/12*6/(-4) + 75/15.
13999
Let s(c) = 1 - 13 + 367*c - 22 - 72*c. What are the prime factors of s(2)?
2, 139
What are the prime factors of -4249*(18 + (-21 - -8) - (-18)/(-3))?
7, 607
Let k be (27 - (-2)/(-2)) + -1 + 2. Let d = 25 - k. What are the prime factors of 222/27 + 4 - d/(-9)?
2, 3
Suppose -5*f = 5*d - 16 + 6, -3 = -3*d. Let h be -16 + 14 - (f + 2 + -2). What are the prime factors of 89/((0 + -2)/(-5 - h))?
89
Let x be (-10)/(-30) - (-527)/3. Suppose x = u - 2*q, 0*u - 4*q = -3*u + 528. What are the prime factors of u?
2, 11
Let w(q) be the first derivative of -q**4 - 7*q**3 - 7*q**2 + 13*q + 193. What are the prime factors of w(-6)?
5, 41
What are the prime factors of (73 - 4)*8*62/6?
2, 23, 31
Suppose 4*r = -2*i + 28114, 0 = 4*r + 1147*i - 1144*i - 28117. What are the prime factors of r?
7027
Let h = -10 - -2. Let w be 2/(-4) - 452/h. Let v = w + -36. What are the prime factors of v?
2, 5
Suppose 5*x = -3*o + 81, -x + 7 = -3*o - o. Suppose -x*n = -10*n - 15. Let q = n - -83. What are the prime factors of q?
2, 43
Let a(w) = w**2 - 5*w - 19. Let d(c) be the first derivative of 7*c**2/2 + 2*c + 18. Let q be d(1). What are the prime factors of a(q)?
17
Let w(v) = 0 + v + 539*v**3 - 2 - 40*v**2 + 42*v**2. Let b be w(1). Let f = b - 385. What are the prime factors of f?
5, 31
Let b(f) = 18*f**2 - f - 3*f**2 - 160*f**3 - 9*f**2 - 1 - 7*f**2. Let d be b(-1). Suppose 13*h - 16*h = -d. What are the prime factors of h?
53
Suppose 32*l = -3053 + 17005. Suppose -l = -r + q, 0 = -3*r + 2*r - 5*q + 412. List the prime factors of r.
2, 3
Let r = 18063 - 10831. What are the prime factors of r?
2, 113
Let a(y) = -14*y + 48. Let q be a(3). What are the prime factors of (-13)/(78/(-340))*q/1?
2, 5, 17
Let s = -60 + 292. Let u = -82 + s. What are the prime factors of u?
2, 3, 5
Let l = -74091 - -123681. List the prime factors of l.
2, 3, 5, 19, 29
Suppose -7*l + 2*l = -20. Let b be ((-3)/l)/(-1*4/2144). Suppose -g = -7*g + b. What are the prime factors of g?
67
Let r = -71 + 73. Suppose -r*n + 32 = 4*f, 5*n - 2*n = 4*f - 32. List the prime factors of 2*f/(64/60).
3, 5
Suppose 2*o = -61 + 133. Let c be ((-1644)/o)/((-1)/(-3)). Let p = c + 232. What are the prime factors of p?
5, 19
Let o(a) = -a**3 + 9*a**2 - 10*a - 14. Let d be o(8). Suppose -n + 572 - 4 = 2*q, 5*q = 5*n - 2870. What are the prime factors of d/75 + n/5?
2, 3, 19
Suppose -21*u - 45*u = 38*u - 3651960. List the prime factors of u.
3, 5, 2341
Let b(r) = r**3 - r**2 - 1. Let g(x) = 3*x**3 - 7*x**2 + x - 4. Let w(y) = -2*b(y) + g(y). Let i be w(5). Suppose 2*a - 70 = -i*a. List the prime factors of a.
2, 7
Let s = -1879 + 1120. Let y = 1065 + s. List the prime factors of y.
2, 3, 17
Let u(n) = 161*n**3 + n**2 + 2*n + 1. Let r be u(-1). Suppose -3*q - 2*a - 222 = 471, -2*a - 1151 = 5*q. Let t = r - q. What are the prime factors of t?
2, 17
Let y = 303 + -1159. Let n = -7 - y. List the prime factors of n.
3, 283
Suppose 25*h = 26*h + 3. Let f be (h/((-84)/(-133)))/((-2)/(-8)). List the prime factors of 109 + f + (-1 - -5).
2, 47
Suppose 2 = -g, -5*z - 2*g + 3*g = -12. Suppose 3*b - 271 = b - o, 0 = -z*b + 4*o + 296. What are the prime factors of b?
2, 3, 23
Suppose 35 = -d - 3*y - 16, d + 49 = -2*y. Let j = 36 + d. What are the prime factors of (-10)/((j/2)/(-9))*-13?
2, 5, 13
Suppose -4*d + 188 + 284 = 0. Suppose -l - 2*h + d = -h, -l + 4*h + 98 = 0. Suppose b + 3 = l. What are the prime factors of b?
3, 37
Let p(n) = 10*n**2 - 2*n - 2. Let y be p(-2). Suppose 23*s + 3135 = 8747. Suppose -40*k = -y*k + s. List the prime factors of k.
2, 61
Let m(r) = 18 + r + 4*r - 5 - 6*r. Let l be m(10). Suppose b + v = 164, -l*v + 6*v = 0. What are the prime factors of b?
2, 41
Let f(n) = 40*n**2 + 9*n - 16. Suppose 2*r = -3*b + 3, -5*b + r = -17 - 1. List the prime factors of f(b).
7, 53
Suppose -145152 = -20*i + 11*i. Suppose 23*v - 41*v = -i. What are the prime factors of v?
2, 7
List the prime factors of (-159 - -148) + (-2 - -21013).
2, 3, 5, 7
Let f =